{"id":42,"date":"2026-04-24T17:13:34","date_gmt":"2026-04-24T17:13:34","guid":{"rendered":"https:\/\/session.ursberger.ch\/?page_id=42"},"modified":"2026-04-26T09:24:08","modified_gmt":"2026-04-26T09:24:08","slug":"behindertensession-2026","status":"publish","type":"page","link":"https:\/\/session.ursberger.ch\/","title":{"rendered":"Behindertensession 2026 &#8211;  Mit mir!"},"content":{"rendered":"\n<h2 class=\"wp-block-heading\"><strong>Es wird Zeit, dass wir mitentscheiden, nicht nur \u00fcber uns gesprochen wird.<\/strong><\/h2>\n\n\n\n<div class=\"wp-block-columns is-layout-flex wp-container-core-columns-is-layout-28f84493 wp-block-columns-is-layout-flex\">\n<div class=\"wp-block-column is-layout-flow wp-block-column-is-layout-flow\">\n<figure class=\"wp-block-image size-large\"><img loading=\"lazy\" decoding=\"async\" width=\"1024\" height=\"666\" src=\"https:\/\/session.ursberger.ch\/wp-content\/uploads\/2026\/04\/cropped-screen_2026-03-22_11-18-47-1024x666.jpg\" alt=\"\" class=\"wp-image-9\" srcset=\"https:\/\/session.ursberger.ch\/wp-content\/uploads\/2026\/04\/cropped-screen_2026-03-22_11-18-47-1024x666.jpg 1024w, https:\/\/session.ursberger.ch\/wp-content\/uploads\/2026\/04\/cropped-screen_2026-03-22_11-18-47-300x195.jpg 300w, https:\/\/session.ursberger.ch\/wp-content\/uploads\/2026\/04\/cropped-screen_2026-03-22_11-18-47-768x499.jpg 768w, https:\/\/session.ursberger.ch\/wp-content\/uploads\/2026\/04\/cropped-screen_2026-03-22_11-18-47-1536x998.jpg 1536w, https:\/\/session.ursberger.ch\/wp-content\/uploads\/2026\/04\/cropped-screen_2026-03-22_11-18-47.jpg 2000w\" sizes=\"auto, (max-width: 1024px) 100vw, 1024px\" \/><\/figure>\n\n\n\n<hr class=\"wp-block-separator has-alpha-channel-opacity\"\/>\n<\/div>\n<\/div>\n\n\n\n<h3 class=\"wp-block-heading\"><br><strong>In der Schweiz wird viel \u00fcber Inklusion gesprochen, aber zu oft wird <strong>\u00fcber uns<\/strong> entschieden \u2013 ohne uns wirklich einzubeziehen.<\/strong><\/h3>\n\n\n\n<div class=\"wp-block-buttons is-content-justification-center is-layout-flex wp-container-core-buttons-is-layout-a89b3969 wp-block-buttons-is-layout-flex\">\n<div class=\"wp-block-button\"><a class=\"wp-block-button__link wp-element-button\" href=\"https:\/\/www.proinfirmis.ch\/inklusion\/politische-partizipation\/behindertensession\/wahl.html\"><strong>Jetzt abstimmen<\/strong> und mitentscheiden \u2013 Deine Stimme z\u00e4hlt!<\/a><\/div>\n<\/div>\n\n\n\n<hr class=\"wp-block-separator has-alpha-channel-opacity\"\/>\n\n\n\n<h2 class=\"wp-block-heading\">Die Behindertensession muss mehr sein als Symbolpolitik.<\/h2>\n\n\n\n<p><br><strong>Es geht darum, dass wir in politischen Entscheidungen mitreden \u2013 und nicht nur \u00fcber uns gesprochen wird.<\/strong><\/p>\n\n\n\n<p><\/p>\n\n\n\n<div class=\"wp-block-buttons is-content-justification-center is-layout-flex wp-container-core-buttons-is-layout-a89b3969 wp-block-buttons-is-layout-flex\">\n<div class=\"wp-block-button\"><a class=\"wp-block-button__link has-text-align-center wp-element-button\" href=\"https:\/\/www.proinfirmis.ch\/inklusion\/politische-partizipation\/behindertensession\/wahl.html\">Deine Stimme z\u00e4hlt \u2013 Jetzt abstimmen<\/a><\/div>\n<\/div>\n\n\n\n<hr class=\"wp-block-separator has-alpha-channel-opacity\"\/>\n\n\n\n<div style=\"height:100px\" aria-hidden=\"true\" class=\"wp-block-spacer\"><\/div>\n\n\n\n<h2 class=\"wp-block-heading\">Wieso es die Session braucht<\/h2>\n\n\n\n<p><\/p>\n\n\n\n<p>In der Schweiz wird viel \u00fcber Inklusion gesprochen. <\/p>\n\n\n\n<p>Doch oft wird <strong>\u00fcber uns<\/strong> entschieden, ohne dass wir wirklich einbezogen sind.\u201c<\/p>\n\n\n\n<p>In den letzten Jahren wurde <strong>viel diskutiert<\/strong>, aber wenig getan:<br>\u2013 Statt echter Teilhabe gibt es nur Diskussionen \u00fcber Leistungen<br>\u2013 H\u00fcrden im Alltag, wo es echte Inklusion braucht<br>\u2013 Systeme, die zuerst zweifeln, bevor sie unterst\u00fctzen<\/p>\n\n\n\n<p>Ich muss <strong>nachweisen<\/strong>, dass ich Autismus habe, um Unterst\u00fctzung zu bekommen.<\/p>\n\n\n\n<p><br>Warum? Weil das System <strong>zuerst zweifelt<\/strong>, bevor es hilft.<br><\/p>\n\n\n\n<p>Aber warum fragt niemand, ob jemand <strong>ohne Einschr\u00e4nkungen<\/strong> nachweisen muss, dass er \u201enormal\u201c ist?<\/p>\n\n\n\n<div class=\"wp-block-buttons is-content-justification-center is-layout-flex wp-container-core-buttons-is-layout-a89b3969 wp-block-buttons-is-layout-flex\">\n<div class=\"wp-block-button\"><a class=\"wp-block-button__link wp-element-button\" href=\"https:\/\/www.proinfirmis.ch\/inklusion\/politische-partizipation\/behindertensession\/wahl.html\"><strong>Jetzt abstimmen<\/strong> und mitentscheiden \u2013 Deine Stimme z\u00e4hlt!<\/a><\/div>\n<\/div>\n\n\n\n<hr class=\"wp-block-separator has-alpha-channel-opacity\"\/>\n\n\n\n<p><\/p>\n\n\n\n<h2 class=\"wp-block-heading\">Wieso ich kandidiere<\/h2>\n\n\n\n<p>Ich erz\u00e4hle nicht nur meine Geschichte.<br><\/p>\n\n\n\n<p>Ich will zeigen, wo die Politik im Alltag scheitert:<\/p>\n\n\n\n<p><br>\u2013 bei <strong>echter Teilhabe<\/strong><br>\u2013 bei der <strong>B\u00fcrokratie<\/strong><br>\u2013 und beim <strong>Vertrauen<\/strong><\/p>\n\n\n\n<p>Ich will nicht, dass <strong>\u00fcber uns<\/strong> entschieden wird \u2013<br>sondern <strong>mit uns<\/strong>.\u201c<\/p>\n\n\n\n<div class=\"wp-block-buttons is-content-justification-center is-layout-flex wp-container-core-buttons-is-layout-a89b3969 wp-block-buttons-is-layout-flex\">\n<div class=\"wp-block-button\"><a class=\"wp-block-button__link wp-element-button\" href=\"https:\/\/www.proinfirmis.ch\/inklusion\/politische-partizipation\/behindertensession\/wahl.html\">Deine Stimme z\u00e4hlt \u2013 Jetzt abstimmen<\/a><\/div>\n<\/div>\n\n\n\n<p> <\/p>\n\n\n\n<h2 class=\"wp-block-heading\">So kannst Du mich w\u00e4hlen<\/h2>\n\n\n\n<p>So kannst du abstimmen:<br><\/p>\n\n\n\n<ol class=\"wp-block-list\">\n<li>\u00d6ffne die Wahlseite von Pro Infirmis.<\/li>\n\n\n\n<li>Suche nach: Urs Berger<\/li>\n\n\n\n<li>\u00d6ffne mein Profil.<\/li>\n\n\n\n<li>Gib deine Stimme ab.<\/li>\n<\/ol>\n\n\n\n<hr class=\"wp-block-separator has-alpha-channel-opacity\"\/>\n\n\n\n<p>Jede Person darf 3 Stimmen abgeben.<br>Nutze sie bewusst.<\/p>\n\n\n\n<div class=\"wp-block-buttons is-content-justification-center is-layout-flex wp-container-core-buttons-is-layout-a89b3969 wp-block-buttons-is-layout-flex\">\n<div class=\"wp-block-button\"><a class=\"wp-block-button__link wp-element-button\" href=\"https:\/\/www.proinfirmis.ch\/inklusion\/politische-partizipation\/behindertensession\/wahl.html\"><strong>Jetzt abstimmen<\/strong> und mitentscheiden \u2013 Deine Stimme z\u00e4hlt!<\/a><\/div>\n<\/div>\n\n\n\n<hr class=\"wp-block-separator has-alpha-channel-opacity\"\/>\n\n\n\n<div style=\"height:100px\" aria-hidden=\"true\" class=\"wp-block-spacer\"><\/div>\n\n\n\n<h2 class=\"wp-block-heading\">Zu meinem Blog<\/h2>\n\n\n\n<p><\/p>\n\n\n\n<p>Mehr Infos zu meiner Vision: <\/p>\n\n\n\n<p><\/p>\n\n\n\n<div class=\"wp-block-buttons is-content-justification-center is-layout-flex wp-container-core-buttons-is-layout-a89b3969 wp-block-buttons-is-layout-flex\">\n<div class=\"wp-block-button\"><a class=\"wp-block-button__link wp-element-button\" href=\"https:\/\/ursberger.ch\/?campaign_done=1\">Zur\u00fcck zu ursberger.ch<\/a><\/div>\n<\/div>\n\n\n\n<p><\/p>\n","protected":false},"excerpt":{"rendered":"<p>Es wird Zeit, dass wir mitentscheiden, nicht nur \u00fcber uns gesprochen wird. In der Schweiz wird viel \u00fcber Inklusion gesprochen, aber zu oft wird \u00fcber uns entschieden \u2013 ohne uns wirklich einzubeziehen. Die Behindertensession muss mehr sein als Symbolpolitik. Es geht darum, dass wir in politischen Entscheidungen mitreden \u2013 und nicht nur \u00fcber uns gesprochen [&hellip;]<\/p>\n","protected":false},"author":1,"featured_media":0,"parent":0,"menu_order":0,"comment_status":"closed","ping_status":"closed","template":"","meta":{"footnotes":""},"class_list":["post-42","page","type-page","status-publish","hentry"],"_links":{"self":[{"href":"https:\/\/session.ursberger.ch\/index.php?rest_route=\/wp\/v2\/pages\/42","targetHints":{"allow":["GET"]}}],"collection":[{"href":"https:\/\/session.ursberger.ch\/index.php?rest_route=\/wp\/v2\/pages"}],"about":[{"href":"https:\/\/session.ursberger.ch\/index.php?rest_route=\/wp\/v2\/types\/page"}],"author":[{"embeddable":true,"href":"https:\/\/session.ursberger.ch\/index.php?rest_route=\/wp\/v2\/users\/1"}],"replies":[{"embeddable":true,"href":"https:\/\/session.ursberger.ch\/index.php?rest_route=%2Fwp%2Fv2%2Fcomments&post=42"}],"version-history":[{"count":9,"href":"https:\/\/session.ursberger.ch\/index.php?rest_route=\/wp\/v2\/pages\/42\/revisions"}],"predecessor-version":[{"id":61,"href":"https:\/\/session.ursberger.ch\/index.php?rest_route=\/wp\/v2\/pages\/42\/revisions\/61"}],"wp:attachment":[{"href":"https:\/\/session.ursberger.ch\/index.php?rest_route=%2Fwp%2Fv2%2Fmedia&parent=42"}],"curies":[{"name":"wp","href":"https:\/\/api.w.org\/{rel}","templated":true}]}}

<h2 class="wp-block-heading"><strong>Es wird Zeit, dass wir mitentscheiden, nicht nur über uns gesprochen wird.</strong></h2>



<div class="wp-block-columns is-layout-flex wp-container-core-columns-is-layout-28f84493 wp-block-columns-is-layout-flex">
<div class="wp-block-column is-layout-flow wp-block-column-is-layout-flow">
<figure class="wp-block-image size-large"><img loading="lazy" decoding="async" width="1024" height="666" src="https://session.ursberger.ch/wp-content/uploads/2026/04/cropped-screen_2026-03-22_11-18-47-1024x666.jpg" alt="" class="wp-image-9" srcset="https://session.ursberger.ch/wp-content/uploads/2026/04/cropped-screen_2026-03-22_11-18-47-1024x666.jpg 1024w, https://session.ursberger.ch/wp-content/uploads/2026/04/cropped-screen_2026-03-22_11-18-47-300x195.jpg 300w, https://session.ursberger.ch/wp-content/uploads/2026/04/cropped-screen_2026-03-22_11-18-47-768x499.jpg 768w, https://session.ursberger.ch/wp-content/uploads/2026/04/cropped-screen_2026-03-22_11-18-47-1536x998.jpg 1536w, https://session.ursberger.ch/wp-content/uploads/2026/04/cropped-screen_2026-03-22_11-18-47.jpg 2000w" sizes="auto, (max-width: 1024px) 100vw, 1024px" /></figure>



<hr class="wp-block-separator has-alpha-channel-opacity"/>
</div>
</div>



<h3 class="wp-block-heading"><br><strong>In der Schweiz wird viel über Inklusion gesprochen, aber zu oft wird <strong>über uns</strong> entschieden – ohne uns wirklich einzubeziehen.</strong></h3>



<div class="wp-block-buttons is-content-justification-center is-layout-flex wp-container-core-buttons-is-layout-a89b3969 wp-block-buttons-is-layout-flex">
<div class="wp-block-button"><a class="wp-block-button__link wp-element-button" href="https://www.proinfirmis.ch/inklusion/politische-partizipation/behindertensession/wahl.html"><strong>Jetzt abstimmen</strong> und mitentscheiden – Deine Stimme zählt!</a></div>
</div>



<hr class="wp-block-separator has-alpha-channel-opacity"/>



<h2 class="wp-block-heading">Die Behindertensession muss mehr sein als Symbolpolitik.</h2>



<p><br><strong>Es geht darum, dass wir in politischen Entscheidungen mitreden – und nicht nur über uns gesprochen wird.</strong></p>



<p></p>



<div class="wp-block-buttons is-content-justification-center is-layout-flex wp-container-core-buttons-is-layout-a89b3969 wp-block-buttons-is-layout-flex">
<div class="wp-block-button"><a class="wp-block-button__link has-text-align-center wp-element-button" href="https://www.proinfirmis.ch/inklusion/politische-partizipation/behindertensession/wahl.html">Deine Stimme zählt – Jetzt abstimmen</a></div>
</div>



<hr class="wp-block-separator has-alpha-channel-opacity"/>



<div style="height:100px" aria-hidden="true" class="wp-block-spacer"></div>



<h2 class="wp-block-heading">Wieso es die Session braucht</h2>



<p></p>



<p>In der Schweiz wird viel über Inklusion gesprochen. </p>



<p>Doch oft wird <strong>über uns</strong> entschieden, ohne dass wir wirklich einbezogen sind.“</p>



<p>In den letzten Jahren wurde <strong>viel diskutiert</strong>, aber wenig getan:<br>– Statt echter Teilhabe gibt es nur Diskussionen über Leistungen<br>– Hürden im Alltag, wo es echte Inklusion braucht<br>– Systeme, die zuerst zweifeln, bevor sie unterstützen</p>



<p>Ich muss <strong>nachweisen</strong>, dass ich Autismus habe, um Unterstützung zu bekommen.</p>



<p><br>Warum? Weil das System <strong>zuerst zweifelt</strong>, bevor es hilft.<br></p>



<p>Aber warum fragt niemand, ob jemand <strong>ohne Einschränkungen</strong> nachweisen muss, dass er „normal“ ist?</p>



<div class="wp-block-buttons is-content-justification-center is-layout-flex wp-container-core-buttons-is-layout-a89b3969 wp-block-buttons-is-layout-flex">
<div class="wp-block-button"><a class="wp-block-button__link wp-element-button" href="https://www.proinfirmis.ch/inklusion/politische-partizipation/behindertensession/wahl.html"><strong>Jetzt abstimmen</strong> und mitentscheiden – Deine Stimme zählt!</a></div>
</div>



<hr class="wp-block-separator has-alpha-channel-opacity"/>



<p></p>



<h2 class="wp-block-heading">Wieso ich kandidiere</h2>



<p>Ich erzähle nicht nur meine Geschichte.<br></p>



<p>Ich will zeigen, wo die Politik im Alltag scheitert:</p>



<p><br>– bei <strong>echter Teilhabe</strong><br>– bei der <strong>Bürokratie</strong><br>– und beim <strong>Vertrauen</strong></p>



<p>Ich will nicht, dass <strong>über uns</strong> entschieden wird –<br>sondern <strong>mit uns</strong>.“</p>



<div class="wp-block-buttons is-content-justification-center is-layout-flex wp-container-core-buttons-is-layout-a89b3969 wp-block-buttons-is-layout-flex">
<div class="wp-block-button"><a class="wp-block-button__link wp-element-button" href="https://www.proinfirmis.ch/inklusion/politische-partizipation/behindertensession/wahl.html">Deine Stimme zählt – Jetzt abstimmen</a></div>
</div>



<p> </p>



<h2 class="wp-block-heading">So kannst Du mich wählen</h2>



<p>So kannst du abstimmen:<br></p>



<ol class="wp-block-list">
<li>Öffne die Wahlseite von Pro Infirmis.</li>



<li>Suche nach: Urs Berger</li>



<li>Öffne mein Profil.</li>



<li>Gib deine Stimme ab.</li>
</ol>



<hr class="wp-block-separator has-alpha-channel-opacity"/>



<p>Jede Person darf 3 Stimmen abgeben.<br>Nutze sie bewusst.</p>



<div class="wp-block-buttons is-content-justification-center is-layout-flex wp-container-core-buttons-is-layout-a89b3969 wp-block-buttons-is-layout-flex">
<div class="wp-block-button"><a class="wp-block-button__link wp-element-button" href="https://www.proinfirmis.ch/inklusion/politische-partizipation/behindertensession/wahl.html"><strong>Jetzt abstimmen</strong> und mitentscheiden – Deine Stimme zählt!</a></div>
</div>



<hr class="wp-block-separator has-alpha-channel-opacity"/>



<div style="height:100px" aria-hidden="true" class="wp-block-spacer"></div>



<h2 class="wp-block-heading">Zu meinem Blog</h2>



<p></p>



<p>Mehr Infos zu meiner Vision: </p>



<p></p>



<div class="wp-block-buttons is-content-justification-center is-layout-flex wp-container-core-buttons-is-layout-a89b3969 wp-block-buttons-is-layout-flex">
<div class="wp-block-button"><a class="wp-block-button__link wp-element-button" href="https://ursberger.ch/?campaign_done=1">Zurück zu ursberger.ch</a></div>
</div>



<p></p>

<p>Es wird Zeit, dass wir mitentscheiden, nicht nur über uns gesprochen wird. In der Schweiz wird viel über Inklusion gesprochen, aber zu oft wird über uns entschieden – ohne uns wirklich einzubeziehen. Die Behindertensession muss mehr sein als Symbolpolitik. Es geht darum, dass wir in politischen Entscheidungen mitreden – und nicht nur über uns gesprochen [&hellip;]</p>
